- 1 - 2*t + 22*t**2. Give b(o).
-3
Let b(r) = -3*r + 20. Let m(q) = 6*q - 39. Let o(d) = 5*b(d) + 3*m(d). Let y be o(7). Suppose 13 + 11 = -y*k. Let v(g) = -2*g - 5. Give v(k).
7
Let q(h) = -7*h - 13. Let t(u) = -6*u - 13. Let a(k) = 5*q(k) - 6*t(k). Suppose 3*z + 22 = 4*y - 15, -5*y = 3*z + 1. Determine a(z).
6
Let g be 3/3*123/(-3). Let x = g - -47. Let i(k) = -k**3 + 6*k**2 - 3*k + 5. Determine i(x).
-13
Let l(c) = 0*c**3 + 99*c**2 + 0*c - 5*c - c**3 - 94*c**2 + 3. Determine l(4).
-1
Let p(d) = -d**2 + 6*d + 3. Suppose -2*s + 26 = 4*l, 0 = 2*l + 3*s - 18 + 7. Suppose l*r - 12*r = -35. Determine p(r).
-4
Let r(m) = -6*m - 29. Let y be (840/980)/(6/(-28)). What is r(y)?
-5
Let u(d) be the first derivative of 0*d - d**3 - 2*d**2 - 32 - 1/4*d**4. Calculate u(-3).
12
Suppose 22*d = 18*d + b + 17, 17 = 3*d - 5*b. Let t(m) = -m**3 + 3*m**2 - 4*m + 4. Determine t(d).
-28
Let s(p) be the first derivative of p**4/4 - 7*p**3/3 + p**2 - 8*p + 590. Give s(7).
6
Let z = -217 + 219. Let f(s) be the first derivative of 1 - 6*s + 1/2*s**z. Calculate f(6).
0
Let g(j) be the third derivative of j**6/120 - j**5/20 - j**4/6 + j**3/3 + 138*j**2. Let m(q) = q**3 + 4. Let t be m(0). Calculate g(t).
2
Let b = 93 + -86. Let c(n) = -n + 11. Calculate c(b).
4
Let k(g) = g**2 - 6 - 17134*g - 3 + 17131*g. Determine k(7).
19
Let r(q) = -q**2 + 7*q - 8. Let z be 18*((-9)/9)/(-2). What is r(z)?
-26
Let n(q) = 6*q**2 + 19*q - 9. Let p(b) = 6*b**2 + 22*b - 10. Let d(a) = -7*n(a) + 6*p(a). Calculate d(-2).
-19
Let f(w) = 10*w - 19*w**2 + 7 + 57*w**2 - 39*w**2. Suppose -4*v - 6*m = -m - 40, -4*v + 3*m + 40 = 0. Determine f(v).
7
Suppose -2*s = -9 + 57. Let p be 23/4 + s/32. Suppose -3*v = -p*v + 4. Let y(o) = o**2 + 1. Calculate y(v).
5
Let n(f) = 23*f**3 - 2*f**2 - f + 1. Suppose -4*m - 44 + 32 = 0. Let s(l) = -l**2 - l. Let h(c) = m*s(c) + n(c). Calculate h(-1).
-23
Suppose -3*a - 21 = -3*l, -2*a + 3*a + 5*l - 11 = 0. Let c(t) be the first derivative of -t**4/4 - 4*t**3/3 - t**2/2 - 2*t - 51. What is c(a)?
2
Let i be (-8)/12*-1*(-6)/(-4). Let j(h) = 7*h**2 - 2*h + 1. Give j(i).
6
Suppose -2*r - 4 = 2*w, -58*r - 5*w = -55*r + 6. Let m(d) = 4*d**3 - 2*d**2 + 1. Give m(r).
-39
Let k(l) = 0*l - 1 + 4*l + 0. Suppose 0 = -31*x + 68 - 99. Calculate k(x).
-5
Let d be (-5)/(2 - 3) - 0. Let o = d + -1. Let z(w) be the first derivative of w**3/3 - 2*w**2 - w - 69. Calculate z(o).
-1
Let x(o) = 71*o**3 - 2*o**2 + o. Let n be x(1). Let m(l) = -l + 143 - n - 66. Determine m(0).
7
Let m(w) be the second derivative of -w**3/6 + 5*w**2/2 + 2*w. Suppose -60 = a - 65. Let i(h) = -h**3 + 5*h**2 + 2*h - 10. Let d be i(a). Calculate m(d).
5
Suppose 5*z - 45 + 55 = 0. Let x(d) = -3*d**2 - 15*d - 27. Let m(q) = q**2 + 6*q + 11. Let k(r) = -12*m(r) - 5*x(r). What is k(z)?
9
Let s = 1813 + -1806. Let p(t) = t**3 - 8*t**2 - 6*t - 4 + 4*t**2 - 2*t**2. Determine p(s).
3
Suppose 5*d - 4*a = 25, d + 9 = a + 14. Let r(f) = f - 1. Let c(y) = -6*y + 6. Let s(n) = d*r(n) + c(n). What is s(-3)?
4
Let z(x) = x**2 - 1. Let g(i) = -5*i + 5. Let t(f) = g(f) + z(f). Let s(c) = -c**2 + 4*c - 3. Let b(r) = 4*s(r) + 3*t(r). Calculate b(1).
0
Let m(v) = -v - 13. Let b = -58 + 63. Suppose 2*j + 5*q + 32 = q, j - b*q = 19. What is m(j)?
-7
Let q(g) = g**2 - 10*g. Let p be q(0). Let o(k) = k**2 + k + 9. Give o(p).
9
Let r be (-1 - 9/(-6))*10. Suppose 2*i - 10 = -2*y - 2, -5 = r*y. Let l(o) be the first derivative of o**3/3 - o**2 - 7*o + 880. What is l(i)?
8
Let b(f) = -f. Let g be (25/15)/(4/(-12)). Let z(r) = 6. Let y(q) = -7. Let u(d) = g*y(d) - 6*z(d). Let p(h) = b(h) - 5*u(h). Give p(0).
5
Let k(c) = -c + 2*c**2 - 2*c**3 + 8*c**3 - 10*c**3. What is k(1)?
-3
Let u(o) = 2*o**2 - 2. Let c(x) = -x**2 + x. Let m be c(0). Suppose m = -4*w - 0*w + 48. Suppose 5*g + 2 - w = 0. Determine u(g).
6
Let w(k) = -k**2 - 6*k - 2. Let q(o) = 3*o**2 + 2*o**2 - 5*o - 357*o**3 - 6 + o**2 + 356*o**3. Let n be q(5). Give w(n).
-2
Let m(a) = -2*a**3 - 11*a**2 + 5*a - 8. Let q(x) = x**3 + 6*x**2 - 2*x + 4. Let i(k) = -3*m(k) - 7*q(k). Suppose -3 = -j + n - 12, 3*n = 5*j + 45. Give i(j).
5
Let o(j) = j**3 + 7*j**2 + 5*j. Let d be (1/(-2))/((-16)/(-736)). Let b(l) = -l**2 - 25*l - 52. Let c be b(d). Determine o(c).
6
Let l(w) = -w**3 - 4*w**2 + 7*w + 1. Let u(p) = -2*p + 4*p - 57 - 4*p. Let b be u(-26). Give l(b).
-9
Suppose -b = 4*b + 4*c - 6, 3 = 3*b + 3*c. Let p(n) = -n**2 - n + 1. Let j(k) = 1 - 2 - 3*k - 3*k**2 + 4. Let m(h) = b*p(h) - j(h). Give m(-3).
5
Let l(n) = 0*n - 12 + 6*n - 5*n. Let d be l(7). Let x(h) = h**2 + 3*h - 6. Determine x(d).
4
Let d(v) = -5*v + 4. Let u(i) = -10*i + 5. Let w(g) = -10*g + 4. Let r(x) = -5*u(x) + 4*w(x). Let s(c) = -5*d(c) - 3*r(c). What is s(5)?
-18
Let k(j) = -j**2 + 3*j. Suppose -39 + 12 = -9*v. Suppose 3*t - 31 = 5*y, -3*t = 2*t - 2*y - 20. Suppose v*m = d - 11, -t*d - m = 3*d - 7. Calculate k(d).
2
Let k(z) = 0*z**3 + z**2 + z**2 - 2*z**3 + 1 + 0 + z. Let x = 10 + -8. What is k(x)?
-5
Let v = 9 + -7. Let m be 1*-2*(-11)/v. Let s(d) = -16*d - 15. Let l(k) = 3*k + 3. Let n(r) = m*l(r) + 2*s(r). Give n(0).
3
Let h be (48/(-4) + 7)*-1. Let d(w) be the third derivative of -w**5/60 + w**4/6 - w**3/2 + 2*w**2. Determine d(h).
-8
Suppose -4*d + 4*c = -3*d - 17, -3*d + 60 = -3*c. Suppose -v + 5*p - 14 = 0, 3*v + 9 = -3*p + d. Suppose v + 1 = 2*w. Let l(q) = 4*q + 1. What is l(w)?
5
Let k(j) = j**3 + 11*j**2 + 14*j - 4. Let p(d) = d**3 - 7*d**2 + 5*d + 15. Let y be p(5). Calculate k(y).
-44
Let b = -5 + 3. Let p(d) = -9*d**2 + 2*d - 7. Let s(h) = 4*h**2 - h + 3. Suppose 3*t + 7 = -2. Let y(m) = t*p(m) - 7*s(m). What is y(b)?
-6
Let c(h) = h**2 - 7*h + 4. Let m(j) = -j**2 - 11*j - 5. Let a = 42 + -52. Let n be m(a). Give c(n).
-6
Let o(y) = -16*y**3 - 20*y**2 + 3*y + 15. Let j(g) = 7*g**3 + 9*g**2 - g - 7. Let i(m) = 7*j(m) + 3*o(m). What is i(-4)?
-28
Let f(p) = p**2 - p. Let i(n) = -5*n**2 - 2. Let d = -11 + 12. Let l(j) = d*i(j) + 4*f(j). Determine l(-4).
-2
Let y(a) = -a**3 - 11*a**2 - 5*a + 21. Let b = 1462 + -1472. Determine y(b).
-29
Let s(c) = 2*c + 5 + c**2 + 4 + 4*c. Let x(y) = -9*y**2 - 2*y + 1. Let o be x(-1). Determine s(o).
9
Let i(g) = -6*g**3 - g**2 + g - 1. Let h = -11 - 3. Let l = -34 - h. Let j(m) = -m**3 - 19*m**2 + 19*m - 19. Let r be j(l). Calculate i(r).
-7
Let s(n) = 7*n**2 + 76*n - 32. Let z be s(-11). Let h(o) = -o**2 - 20*o + 23. Calculate h(z).
2
Let b(a) = -2*a**2 + 1. Suppose -j + 2*r - 17 = -2*j, -4*j = -5*r - 68. Suppose 2*i + j = -5*v, -i + 2*v = 4*i - 1. Give b(i).
-1
Let v(y) be the third derivative of -1/6*y**4 - 9*y**2 + 0 - 1/6*y**3 + 0*y. Give v(-1).
3
Let k = -12319 - -12317. Let j(d) = 23*d**2 + 11*d - 26. Let s(f) = 8*f**2 + 4*f - 9. Let l(t) = 6*j(t) - 17*s(t). Calculate l(k).
9
Let u(k) = -k**3 + 9*k**2 - 6*k - 9. Let o(g) = -g**2 + 3. Let q be o(0). Suppose x - 8 = 2*c, q*x - 7*x = -c - 32. Give u(x).
7
Let b(w) be the second derivative of -w**5/20 + w**4/3 + w**3 + 7*w**2/2 + w + 29. Calculate b(5).
12
Let p(v) = -305*v + 614*v - 307*v. Calculate p(-2).
-4
Let j = 154 - 279. Let v = j - -127. Let z(h) = 5*h**2 + 1. What is z(v)?
21
Suppose -2*g = o - 9, 0 = 4*g - o + 3 - 12. Let y(q) = q + 2. What is y(g)?
5
Let x(q) = q**3 + 9*q**2 - q - 8. Let z be 64/(-7) + (-46)/(-322). What is x(z)?
1
Let o(k) be the second derivative of 8*k + 1/2*k**3 + 0 + 2*k**2. Give o(-3).
-5
Let s(g) be the second derivative of 0 + 1/6*g**3 - 2*g + 2*g**2. Let a be 5 + -8 + (-5)/((-10)/12). Determine s(a).
7
Let s be 5/(-35) - -5*10/7. Let v(k) = -4*k + 10. Calculate v(s).
-18
Let k(n) = n - 76*n**3 + 6*n + 3*n**2 - 6*n + 0*n**2 + 75*n**3. Give k(-2).
18
Let a(j) = 0 + 2*j**2 + 3 + j**2 - 3*j + j**3. Let c be 10/(-35) - (-48)/21. Suppose 14 = -4*m - c. Give a(m).
-1
Let u be 0 + (-3)/(4 - 1). Let z(s) be the first derivative of -11*s**4/24 - 21*s**2/2 - 29. Let r(w) be the second derivative of z(w). Calculate r(u).
11
Let s(v) = v - 4 + 7*v - 9 - 5*v + 0*v. Calculate s(3).
-4
Let x(c) = -4*c - 8. Let n(h) = h + 2. Let d(l) = 5*n(l) + x(l). Give d(8).
10
Let p(d) = d - 3. Let y = 26 - 28. Let g be (-1)/(-1)*(y - -3). Let f be g + (-18)/(-3) + -4. Determine p(f).
0
Let g(h) be the second derivative of -7*h**3/6 - h**2/2 + 300*h. Give g(-2).
13
Let w(h) = h**3 + 6*h**2 + 5*h - 7. Supp